= -4*j - 30. Let a be d(-8). Suppose a*q = 885 + 81. What is the tens digit of q?
8
Suppose 17*s - 18*s - 820 = 0. Let r = s - -1569. What is the tens digit of r?
4
Let t(h) = -2*h**2 + 14*h + 3. Let w be t(6). Suppose 3*g - w = 0, 3*a + 957 = 5*a - g. Let y = -248 + a. What is the units digit of y?
3
Let o = 53 - 49. Suppose 3*d = 5*k + 2, 0 = o*d - 2*k - 0*k - 12. Suppose -3*q - 1241 = -d*t, -q - 893 = -4*t + 342. What is the hundreds digit of t?
3
Let a be (5 + -18)/((-2)/64). What is the units digit of ((-49)/2)/((-8)/a*2)?
7
Suppose -115 = 5*q - 90. What is the hundreds digit of (6/15)/((-2)/(-3370)) + q?
6
Let o(i) = -i**2 + 72*i + 36. Let c be o(24). Let f = -611 + c. What is the units digit of f?
7
Let l = 3743 - -2432. What is the hundreds digit of l?
1
Let h be ((-30)/(-5) - 3)*-1. Let o = h - -16. What is the units digit of o?
3
Let f(t) = 2*t**2 - 4*t + 2. Let z be f(3). What is the hundreds digit of (z - (-644 + 8))/2?
3
Suppose -295668 = 13*r - 49*r. What is the units digit of r?
3
What is the ten thousands digit of (-6)/30 - (-2)/(-10)*(-65472 - 9)?
1
Let c = 269 + -269. Let z(d) = 5*d**2 + d + 1. Let b be z(-1). Suppose -4*q - s + 278 = s, b*q + 4*s - 346 = c. What is the tens digit of q?
7
Suppose 27*n - 231120 + 98766 = 0. What is the thousands digit of n?
4
Suppose 5*p - q = 8405, -5*p + 4*q + 8410 = 2*q. Let i be 1/(-3) - (p/9)/4. Let o = 105 - i. What is the units digit of o?
2
What is the units digit of (-2273)/(18/24*(-20)/75)?
5
Let m = -120 + 135. Suppose 0 = -6*y + m*y - 2961. What is the units digit of y?
9
Suppose 159*f - 77956 = -3*o + 160*f, 129920 = 5*o + 5*f. What is the units digit of o?
5
Suppose -3*a - 2*a + a = 0. Suppose b = -a*b + 12. What is the tens digit of -20*(-2)/(32/b)?
1
Let p = 12 + -53. Let i = 45 + p. Suppose 0*a = i*a - 372. What is the units digit of a?
3
Suppose 219*c = 221*c - 668. Suppose 6*k - 3*k + c = t, 2*k + 1346 = 4*t. What is the hundreds digit of t?
3
Let a(s) = s + 1. Let i(v) = 22*v - 15. Let j(q) = 4*a(q) - i(q). Suppose 39*r + 113 = -121. What is the units digit of j(r)?
7
Let a = -18 - 40. Let x be (-2)/6 - 83/3. Let n = x - a. What is the units digit of n?
0
Suppose 6*k - k + 15 = 0, 3*k + 19 = g. Suppose -7359 = -g*q + 3451. What is the hundreds digit of q?
0
Suppose -23424 = -b + 5*z, -3*z + 70380 = 9*b - 6*b. What is the thousands digit of b?
3
Suppose -29*h - 90534 + 152952 = -559429. What is the units digit of h?
3
What is the tens digit of (-1317240)/(-76) - 94/893?
3
Let k(u) = 1723*u + 763. What is the hundreds digit of k(14)?
8
Suppose 7*u - 6797 - 2436 = 0. Let t = u - 6. What is the hundreds digit of t?
3
Suppose x + 25 = -4*k + 6*x, -5*k + 4*x = 20. Let b be (-6)/(-9) - (-13)/3. Suppose -2*u - 2*l + 254 = k, -3*u - b*l + 245 = -142. What is the units digit of u?
4
Suppose -b - 161*z + 159*z = -63586, -4*z = -3*b + 190698. What is the units digit of b?
4
Let n(r) = -40*r**3 + 2*r**2 - r - 2. Let d be n(-2). Let i = -239 + d. What is the units digit of i?
9
Suppose 3*l + 16 = -2*t, -3*t + 0*l - 2 = -l. Let b(x) = 10*x**2 + 4*x + 7. What is the units digit of b(t)?
9
Let t be (10/(-8))/5*0. Suppose 195*o - 209*o + 1848 = t. What is the hundreds digit of o?
1
Let r be (8 - 51)*(-1)/(-2)*-2. Let s = r - 71. Let v = s - -174. What is the hundreds digit of v?
1
Let y(z) = 65*z + 58. Let j be y(-1). What is the hundreds digit of 5/j*-7 - -1468?
4
Suppose -2*i = -4*p - 264, 735 = 5*i - 2*p + 7*p. Suppose -14*a = i - 5112. What is the hundreds digit of a?
3
Let z(d) be the first derivative of -d**5/24 + 7*d**4/12 - 5*d**3/3 - 11. Let v(m) be the third derivative of z(m). What is the tens digit of v(-9)?
5
Suppose 1990*k = 1980*k + 3590. What is the hundreds digit of k?
3
Let s = 4809 + -506. What is the units digit of s?
3
Let z(t) = -t**3 - 19*t**2 + 21*t + 27. Let o be z(-20). Let r(u) = -u**2 + 9*u - 5. Let v be r(o). Suppose 640 = v*q + q. What is the tens digit of q?
6
Let w = 7 - 4. Suppose 4*k = -5*b + 33, 4*b + 16*k - 18 = 17*k. Suppose -b*d + 63 = w. What is the tens digit of d?
1
Suppose 0 = 8*x - 13*x. Suppose x = -2*w + 8*w + 828. Let r = w + 247. What is the units digit of r?
9
Let x be (2 - 0) + (-2)/2. Let s be (x + 1)*(-189)/(-18). What is the hundreds digit of (s - 23) + (-131)/2*-2?
1
Let k(j) = -59 - 15*j + 148 - 120. Let t be 118/(-6) + (-1)/3. What is the tens digit of k(t)?
6
Suppose -5*d + 28 = 3*g + 3, -3*d + 1 = -g. Suppose -487 = -d*h + 333. What is the tens digit of h?
1
Let g be 2 - (-1 + -1 + -1). Let o be 149 + 2/g + 60/(-25). Let f = 255 - o. What is the tens digit of f?
0
Let g(j) = -3*j + 0 - 1 + 168*j**3 - 4*j**2 - 465*j**3. What is the tens digit of g(-1)?
9
Let h = -1673 + 2082. What is the units digit of h?
9
Suppose 326 = 5*v + 5*l - 139, 5*l = 2*v - 186. Suppose -4764 = v*y - 105*y. What is the hundreds digit of y?
3
Let n(b) = b**2 - 28*b + 138. Let p be n(21). What is the tens digit of 1797*p*4/(-54)?
9
Let h = 92 - 89. Suppose -q = -5*a + 650, -h*a = -q - 238 - 150. What is the hundreds digit of a?
1
Suppose 0*z = 4*z. Let g = 544 - 316. Suppose z = -5*c + 9*c - g. What is the units digit of c?
7
Suppose 2585*k = 2598*k - 74711. What is the hundreds digit of k?
7
Suppose -167*x + 4383060 = -112*x. What is the thousands digit of x?
9
Let i(o) = 32*o + 28. Let s be i(5). Let n = s - 37. What is the hundreds digit of n?
1
Suppose 0 = -2*w + 72*w - 3179537 + 501127. What is the units digit of w?
3
Let r(h) be the first derivative of 99*h**3 - 6*h**2 - 3*h - 45. What is the thousands digit of r(2)?
1
Let y(i) = -34*i**2 - 656*i + 48. What is the tens digit of y(-13)?
3
Let z be (-184)/28 - (-4)/7 - -470. Suppose 0 = -r - t + 644 + z, r - 2*t = 1111. What is the units digit of r?
9
Let j(i) = -i**2 + 3*i + 10. Let y be j(5). Suppose -2*a - 2*h - 4 = -0*a, y = 3*a - 5*h - 34. Suppose a*k + 219 = 4*k. What is the units digit of k?
9
Suppose 137268 = 7*y + 11*y. What is the thousands digit of y?
7
Suppose -2 = -j + 4*d, -4*j = 3*d - 5*d - 22. Suppose j*g - 3*u = 2*g + 9, -2*u = -2*g + 2. Let q(b) = b**3 - 4*b**2 + b - 10. What is the tens digit of q(g)?
6
Let w be (-5 + 5)/(1 + -2). Suppose 3*r = -w*r, -j = -5*r - 350. Suppose -2*x = 5*g - j, -2*g + 0*x + x + 140 = 0. What is the units digit of g?
0
Suppose -17*q + 24904 = -15284. What is the units digit of q?
4
Let b(c) be the first derivative of -35*c + 6 - 9 + 3*c**2 + 1 + 5. What is the units digit of b(6)?
1
Let f(m) = 5*m**2 + 8*m + 1. Suppose -3*z = -5*q - 27, -2*z + 0 = 5*q + 32. Let u be f(q). Suppose 3*b - 4*b = -u. What is the tens digit of b?
3
What is the thousands digit of (5 - 500922/(-72)) + ((-2)/8 - 0)?
6
Let a = 42672 + -4222. What is the thousands digit of a?
8
Let a be (1 + 29/(-1))/(22/(-77)). Let j = a + -108. What is the tens digit of (-30)/(-75) - 556/j?
5
Suppose -4*b + 21 - 6 = 3*f, 2*f = -5*b + 10. Suppose -4*r + 16*r - 96 = b. Let m(a) = a**2 + 11*a + 1. What is the units digit of m(r)?
3
Let t(b) = 5*b + 137. Let s be t(-27). Suppose s*k - 4*k - 4*u + 1912 = 0, -2*k + 5*u = -1912. What is the tens digit of k?
5
Let a = -53 - -65. Suppose -6*k + 18 = -a. Suppose 3*c + k*z - z - 193 = 0, -3*c = -3*z - 207. What is the tens digit of c?
6
Suppose 0 = b + 5*y + 15, -2*b + y + 26 = -3*y. Let g(l) = -62 - b*l + 128 - 53. What is the tens digit of g(-17)?
9
Let f = 447 - 447. Suppose g + 4*m - 275 = f, -4*m = -2*g - 2*m + 590. What is the hundreds digit of g?
2
Let w(o) = 18*o**3 - 6*o**2 + 14*o - 147. What is the thousands digit of w(9)?
2
Let g = 53 + -51. Suppose 2*k - g = 3*l - 0, 22 = 3*k + 5*l. Suppose 0 = -k*n + 528. What is the hundreds digit of n?
1
What is the tens digit of ((-30)/(-10) - 4)*(-8507 - -1)*1?
0
Let f = -9723 - -15842. What is the units digit of f?
9
Suppose -64*f = -11*f - 773058 - 237493. What is the tens digit of f?
6
Let d(q) = 69*q**2 + 96*q - 83. What is the units digit of d(9)?
0
Suppose -5*r = -5*d, 4*d = 4*r + r - 4. Suppose 0 = r*i + 4*c - 0*c - 3440, 0 = 3*c. What is the units digit of i/6 + 4*(-4)/(-24)?
4
Suppose -4*h - 8 = 8. Let x be -2 + 40/25 + h/(-10). Suppose x = 4*k + 5*t - 394, 4*t = -5*k - t + 495. What is the tens digit of k?
0
Suppose -3*v + 10*v = v + 58554. What is the thousands digit of v?
9
Suppose -15*p + 85460 = 